e
Is 41623223 composite?
False
Is 10609007 a composite number?
False
Is 216966031 a composite number?
False
Is 176061301 a composite number?
True
Is 121620419 composite?
False
Is 5385547 a prime number?
True
Is 377852147 a prime number?
True
Is 59101 prime?
False
Is 244471 composite?
False
Is 3373945 a composite number?
True
Is 6092689 a composite number?
False
Is 195598789 composite?
True
Is 179851573 a prime number?
False
Is 1151209 a composite number?
False
Is 864757 composite?
False
Is 1800341 prime?
True
Is 244518353 a prime number?
False
Is 2190029 prime?
False
Is 1247093 a composite number?
True
Is 133895197 a prime number?
False
Is 2232673 a composite number?
False
Is 2670769 a composite number?
False
Is 8872937 prime?
True
Is 50996423 composite?
True
Is 13377811 a composite number?
False
Is 26300461 prime?
False
Is 74587213 prime?
False
Is 6021749 a composite number?
False
Is 1120687 a composite number?
False
Is 745817 a prime number?
True
Is 169093121 composite?
False
Is 10586441 prime?
False
Is 70466962 a prime number?
False
Is 127570309 a composite number?
False
Is 4427 prime?
False
Is 44334863 a prime number?
True
Is 76081133 a prime number?
False
Is 2895479 a prime number?
True
Is 123041749 prime?
True
Is 10709669 a composite number?
False
Is 15568717 a composite number?
False
Is 3817777 a composite number?
False
Is 2867807 composite?
False
Is 92161351 a composite number?
False
Is 21400741 a prime number?
False
Is 1840493 prime?
True
Is 8190049 prime?
False
Is 24765038 a prime number?
False
Is 8484031 prime?
True
Is 213248179 composite?
False
Is 8567219 a prime number?
True
Is 70013927 prime?
False
Is 33593101 a composite number?
False
Is 441864103 prime?
True
Is 169250849 a composite number?
False
Is 26972669 a prime number?
True
Is 34869749 a prime number?
True
Is 49128179 a composite number?
True
Is 1631242519 a composite number?
False
Is 3334571 a prime number?
False
Is 273267779 prime?
False
Is 185413259 composite?
False
Is 747266197 prime?
True
Is 5289343 a prime number?
True
Is 1960726 composite?
True
Is 177978694 composite?
True
Is 6803801 composite?
False
Is 5153461 prime?
False
Is 22248851 a composite number?
False
Is 2591983 prime?
False
Is 7394029 a prime number?
True
Is 22444661 a prime number?
True
Is 16786241 a prime number?
True
Is 84010569 prime?
False
Is 24664589 prime?
False
Is 153851881 composite?
True
Is 172709 composite?
False
Is 5709751 a prime number?
True
Is 5712491 a prime number?
True
Is 9963199 a composite number?
False
Is 6140371 prime?
False
Is 2985721 a prime number?
False
Is 460673 composite?
False
Is 268321598 a composite number?
True
Is 105371 a prime number?
False
Is 7908739 a prime number?
True
Is 2877143 prime?
True
Is 14853323 composite?
False
Is 9873551 a prime number?
False
Is 4972783 prime?
True
Is 32424361 prime?
True
Is 752797 a prime number?
True
Is 399339687 prime?
False
Is 1279169 composite?
True
Is 223011403 a prime number?
False
Is 98636383 prime?
True
Is 13969069 a prime number?
False
Is 29708449 a prime number?
True
Is 19339063 a prime number?
True
Is 567526 a prime number?
False
Is 52944343 a prime number?
False
Is 219879661 prime?
True
Is 790189217 a composite number?
False
Is 159080549 prime?
True
Is 17709674 prime?
False
Is 50219083 prime?
True
Is 725453 a prime number?
False
Is 7139011 a prime number?
False
Is 7812841 prime?
True
Is 24497563 a prime number?
True
Is 898779827 prime?
False
Is 1608547 prime?
False
Is 2161795 prime?
False
Is 37584749 a prime number?
True
Is 3404981 prime?
False
Is 6684037 prime?
True
Is 85129129 prime?
True
Is 14522995 prime?
False
Is 431941997 a composite number?
True
Is 2169697 a composite number?
True
Is 6501713 prime?
False
Is 729328273 composite?
True
Is 2162591 composite?
True
Is 4338391 prime?
True
Is 5107601 a composite number?
False
Is 33439411 a composite number?
True
Is 41427217 prime?
False
Is 617935359 composite?
True
Is 23978242 a composite number?
True
Is 61031867 a composite number?
True
Is 3892883 a prime number?
False
Is 492383 a prime number?
False
Is 126640469 composite?
False
Is 15447601 prime?
False
Is 44814229 prime?
False
Is 2792609 composite?
True
Is 109465913 prime?
True
Is 339027499 a prime number?
True
Is 785638751 composite?
False
Is 23789371 a composite number?
False
Is 3201521 prime?
True
Is 13881173 a prime number?
True
Is 248446697 composite?
False
Is 1733519 a composite number?
False
Is 25286411 a composite number?
False
Is 105631681 a prime number?
False
Is 23816179 prime?
True
Is 164356139 prime?
True
Is 11911093 a composite number?
False
Is 83896859 composite?
False
Is 1585427 prime?
True
Is 13345331 prime?
True
Is 1455589 a prime number?
False
Is 35559487 a composite number?
False
Is 20539517 composite?
True
Is 55647167 a composite number?
False
Is 83811907 a composite number?
True
Is 2048569 a prime number?
True
Is 15519923 a prime number?
True
Is 3319711 a prime number?
False
Is 43240337 composite?
True
Is 5549437 prime?
True
Is 129231143 prime?
True
Is 1458971 prime?
True
Is 4019527 a composite number?
False
Is 70081279 prime?
False
Is 19889771 a composite number?
True
Is 199583 a composite number?
False
Is 86322251 prime?
False
Is 21192427 a prime number?
True
Is 12275509 composite?
False
Is 184612139 composite?
True
Is 1326131 prime?
False
Is 349298 prime?
False
Is 627982811 a prime number?
True
Is 2427449 a prime number?
False
Is 13509031 a composite number?
False
Is 15108199 prime?
True
Is 12187943 a prime number?
True
Is 2927861 prime?
True
Is 127580569 a composite number?
False
Is 22464847 prime?
False
Is 38096797 composite?
False
Is 34545589 prime?
False
Is 1153651 prime?
False
Is 11222243 prime?
True
Is 55425007 prime?
False
Is 24217397 a prime number?
False
Is 1199407 composite?
True
Is 2326613 composite?
False
Is 54175729 composite?
False
Is 264007 composite?
False
Is 38202061 prime?
True
Is 165455 a composite number?
True
Is 32960869 composite?
True
Is 1648537 a composite number?
True
Is 3409747 composite?
True
Is 4389535 a composite number?
True
Is 1335743 prime?
True
Is 769589489 prime?
True
Is 20033029 composite?
False
Is 13205029 composite?
False
Is 72933779 prime?
True
Is 9591629 a prime number?
True
Is 31684451 composite?
True
Is 519397613 composite?
True
Is 8005607 prime?
False
Is 9386463 composite?
True
Is 19710629 prime?
False
Is 7352746 a prime number?
False
Is 6121459 prime?
False
Is 266863 prime?
True
Is 9615437 composite?
True
Is 1669627 a prime number?
True
Is 971350793 a composite number?
True
Is 139852639 a composite number?
True
Is 607397 composite?
True
Is 69981671 prime?
True
Is 5086753 composite?
True
Is 9525953 composite?
False
Is 73506409 a composite number?
False
Is 165183119 prime?
True
Is 40732477 composite?
False
Is 849019 a prime number?
True
Is 65994143 a composite number?
False
Is 63724363 composite?
False
Is 961507 prime?
True
Is 300343 a composite number?
False
Is 41043001 a prime number?
False
Is 591959 composite?
False
Is 13362361 composite?
False
Is 22030091 prime?
True
Is 628992527 prime?
True
Is 38762041 a prime number?
True
Is 116067421 a composite number?
False
Is 572326 prime?
False
Is 29158531 a composite number?
False
Is 194614379 a prime number?
True
Is 35850947 a composite number?
True
Is 5819987 prime?
True
Is 80849999 a prime number?
False
Is 18211381 composite?
True
Is 146630149 prime?
False
Is 21461357 a prime number?
True
Is 173763881 prime?
True
Is 52813 a composite number?
False
Is 276558043 prime?
False
Is 79202909 a composite number?
False
Is 11361637 prime?
False
Is 1267481 composite?
False
Is 20403619 a prime number?
False
Is 17444021 a prime number?
False
Is 1450993 composite?
True
Is 1572887 composite?
False
Is 240662 a composite number?
True
Is 1391207 a composite number?
False
Is 68160583 a prime number?
False
Is 198928453 a prime number?
True
Is 28946977 a prime number?
True
Is 57902857 a composite number?
False
Is 4018409 a composite number?
True
Is 2245223 a prime number?
True
Is 55275437 a composite number?
True
Is 2587166 composite?
True
Is 48455021 a prime number?
True
Is 28151 a composite number?
False
Is 18963982 a composite number?
True
Is 2872253 a composite number?
True
Is 94902046 a prime number?
False
Is 110527 a composi